ns digit of b?
2
Suppose 4*d = 5*s + 57094, -175*d = -177*d - 4*s + 28534. What is the ten thousands digit of d?
1
Suppose 6*p + 23 - 5 = 0. Let x be 2*(2 + p)/1. What is the units digit of -6*x/(-4) - -16?
3
Let q(v) = -6*v - 16. Let a(s) = s + 1. Let f(k) = 5*a(k) + q(k). Let g be f(-19). Suppose 1246 = g*i + 6*i. What is the units digit of i?
9
Suppose 0 = -5*w + 4*j - 5, -4*w - 4*j + 17 = -5*w. Let u(k) = 4*k - 4. Let i be u(w). Suppose -910 = -i*c - 2*c. What is the units digit of c?
1
Suppose 0 = -787*l + 755*l + 384. Let p(x) = 3*x - 7 - 9 + 5*x. What is the units digit of p(l)?
0
Suppose 53*z = -38*z + 1767957 + 447893. What is the units digit of z?
0
Let x(o) = 469*o**2 + 59*o + 284. What is the units digit of x(-9)?
2
Let j be -2*(-1)/2*11 + -6. Suppose 1802 = 3*n - 2*f, 212 - 3207 = -5*n - j*f. What is the tens digit of n?
0
Let b(k) = 115*k**2 - 11*k + 101. What is the tens digit of b(7)?
5
Let f(u) = -u**2 + 17*u - 31. Let k be f(13). Let i(p) = 3*p**2 - 3*p - 8*p**2 - 5*p**2 + 17*p**2 + k. What is the hundreds digit of i(-5)?
2
Let d(b) = 18*b**2 - 7*b + 1144. What is the thousands digit of d(45)?
7
Let z(y) = -2*y**3 - 3*y**2 + 18*y - 7. Let d be z(-6). Let j = d - -234. What is the tens digit of j?
4
Suppose -5*x = -12*x + 903. Let j = 189 - x. What is the units digit of j?
0
Let d(u) be the third derivative of -5*u**4/12 + 13*u**3/3 - 13*u**2. Let h be d(-8). Let k = h + -19. What is the units digit of k?
7
Let o = 23465 + -12559. What is the tens digit of o?
0
Suppose 4*t - 3*w - 48 + 15 = 0, -3*w - 15 = -2*t. Let y be 0*(-1 + t/6). Suppose 2*n + n - 4*u - 65 = 0, y = -4*n + 3*u + 96. What is the units digit of n?
7
Let x be (3663/6 - -1)*2. Suppose 0 = 6*q - 4499 + x. Suppose 7*u - q = -6*u. What is the units digit of u?
2
Let f be -1 - ((0 - -1) + 250). Let q be 1358*(-2)/42*-6. Let m = f + q. What is the units digit of m?
6
Let k = 353 - 282. What is the tens digit of k?
7
Let m be (9/4)/((-8)/(-3072)). Suppose -3*d - m = 3*j, 3*d - 10*j + 7*j = -858. Let y = -112 - d. What is the hundreds digit of y?
1
Let x be -19 - -10 - (-8370)/1. What is the hundreds digit of x/18 + 3/6?
4
Suppose 3*a - 4*c = -5 - 28, -5*c = a - 8. Let w(g) = g + 14. Let s be w(a). Let z = 17 + s. What is the units digit of z?
4
Suppose -24*x + 2320 = -2528. Let s = 24 + 58. Let n = x - s. What is the hundreds digit of n?
1
Let b(r) = -161*r - 465. What is the tens digit of b(-72)?
2
Let h(j) = 42*j + 21. Let b be h(3). Suppose b = 4*y - 253. Let g = y - 50. What is the units digit of g?
0
Suppose -827 = 2*v - 5*z, -1218 = 3*v - z - 2*z. Let h = v - -525. What is the hundreds digit of h?
1
Let n = -3369 - -27558. What is the units digit of n?
9
Suppose a + 3 = -0, -n = 4*a + 1640. Let b = -822 - n. What is the units digit of b?
6
Let d = 19980 + -2167. What is the tens digit of d?
1
Suppose -m + 1030 = 3*v, -4*v + 3*m + 1369 = -0*m. Let q = 230 - v. Let n = q + 260. What is the units digit of n?
7
Suppose -w = -3*w + q + 32, -68 = -4*w + 3*q. Let g(j) = j**3 - 15*j**2 + 14*j + 15. Let k be g(w). Suppose k*c = 1291 - 211. What is the tens digit of c?
7
Let o(f) = f**3 - 9*f**2 + 7*f + 7. Let z be o(8). Let a = -2448 - -2451. What is the tens digit of ((a - 6)/6)/(z/248)?
2
Let b be ((-3)/(-4))/(2/16). Let r be 699/b - ((-9)/(-6) + 0). Let g = -8 + r. What is the units digit of g?
7
Let f(l) = -l**2 - 3*l + 8. Let k be f(-6). Suppose -29*i - 61 = -206. What is the tens digit of (-6*i/k)/(2/46)?
6
Let t be 1/(-2)*(-633 + 11). Let f = t - 135. Let h = -59 + f. What is the units digit of h?
7
Let t(l) = 6169*l**2 + 35*l + 63. What is the ten thousands digit of t(-2)?
2
Let m = 3524 + 12189. What is the thousands digit of m?
5
Let f = 276 + -277. What is the units digit of 3*f - (-12 + -412)?
1
Suppose 2*d - x - 1213 = -2*x, 4*x - 1822 = -3*d. Suppose 9*p - 78 = d. What is the tens digit of p?
7
Let y(m) = 8*m - 5*m + 4*m - 5 - 5*m + 14*m**2 - 3*m. Let r be -2*(-1 + (-2)/4). What is the tens digit of y(r)?
1
Suppose -8*m - 21 = -11*m. Suppose -m*d = 126 - 329. Let b = 72 - d. What is the tens digit of b?
4
Suppose v + 5*b - 46741 = 0, -b - 14 = -5. What is the hundreds digit of v?
7
Let x(l) = 5*l - 402. Let s(q) = -4*q + 403. Let a(o) = 4*s(o) + 3*x(o). Let z be a(0). Suppose -z = -4*g + 182. What is the units digit of g?
7
Let i = 8 - 35. Let s(p) = -15*p - 28. What is the units digit of s(i)?
7
Let f = -123857 + 199315. What is the units digit of f?
8
Let g = 14 - -89. Suppose 0 = -x + 5*f + g, 2*x - 515 = -3*x - f. Let t = x - 23. What is the tens digit of t?
8
Let n(b) = 26*b**2 - b + 51. Let v be 3 + -2 + (-7)/(7/(-5)). What is the tens digit of n(v)?
8
Suppose 19*n - 20*n + 4*k = -24496, 0 = 4*k + 16. What is the hundreds digit of n?
4
Suppose -935423 = -119*l + 34189. What is the units digit of l?
8
Let a(m) be the second derivative of -m**5/10 + 5*m**4/2 - 19*m**3/6 - 7*m**2 + 36*m. What is the hundreds digit of a(14)?
1
Suppose 355*p - 1599880 = 167*p. What is the hundreds digit of p?
5
Suppose -3*l - 3*q + 3 = -0*l, l + 4*q + 11 = 0. Suppose 0 = l*k + 173 - 13. Let t = 38 - k. What is the units digit of t?
0
Suppose -54*p = -58*p + 28. Suppose -21*v + 5012 = -p*v. What is the tens digit of v?
5
Suppose 0 = -139*f + 527696 + 146037. What is the tens digit of f?
4
Suppose -2*a + 6614 = -4*j, -j - 3302 = -11*a + 10*a. What is the units digit of a?
7
Let s(t) = -489*t + 1632. What is the tens digit of s(-25)?
5
Let o(n) be the second derivative of -n**5/10 - 13*n**4/12 - n**3/3 - 13*n**2/2 - n. What is the tens digit of o(-9)?
1
Let v be -8 + 0 + 6 - 27*-118. Suppose -6*w = 2*w - v. What is the tens digit of w?
9
Let t = 731 - 726. Let q be (9/(-6))/((-2)/4). Suppose -2*w + t*g - 22 = -89, -2*w + 27 = q*g. What is the units digit of w?
1
Suppose 0 = -3*t + 3 + 3. Suppose 20 = -t*a + 7*a. What is the units digit of ((-14)/a)/(3 - (-129)/(-42))?
9
Suppose 1170 = -4*m - 3230. What is the units digit of (-1 + (-962)/(-10))/((-440)/m)?
8
Suppose -2*m + 2*v + 136 = 3*m, 34 = m + 3*v. Suppose -6490 = 17*t - m*t. What is the tens digit of t?
9
Let f be -6*(28/(-8) + 4). Let y(g) = -2*g**2 + 3*g + 6. Let p be y(f). What is the units digit of (322/p)/((-1)/3)?
6
Suppose 4*w - 3*n - 1969 = 2014, -2986 = -3*w + n. What is the hundreds digit of w?
9
Let r be ((-1)/3 + 2/(-12))*-4586. Suppose -987 = 2290*l - r*l. What is the units digit of l?
9
Let o(p) = 3*p**2 - 33*p + 7. Let h be ((-24)/36)/(1/(-24)). What is the tens digit of o(h)?
4
Suppose h + 2*r = 2, 3*h - 4 = 4*h + 5*r. Suppose -6 = 2*c - h. Suppose c = 7*y - 1219 + 302. What is the units digit of y?
1
Suppose 0 = d + g + 237, -2*d + 5*d + 711 = -2*g. Let t = -109 - d. What is the tens digit of t?
2
Let m = -3711 - -7563. What is the hundreds digit of m?
8
Let q(l) = 2*l**2 - 2*l + 7. Let k be q(5). Let x = k - 52. What is the tens digit of (27/x)/(-5 + 48/10)?
2
Suppose 3*m + 6 = 15. Suppose -m*y - y + 26 = 3*o, -4*y = 2*o - 24. What is the units digit of (-7*o)/((-9)/27)?
2
Let q = -473 + 475. Suppose -4*i + 310 = -q*i. What is the hundreds digit of i?
1
Suppose -28001 = -2*w + 5*b + 17098, 5*w - 112667 = b. What is the units digit of w?
2
Let b(h) be the first derivative of 2*h**3/3 + h**2 + 16*h - 7. What is the tens digit of b(12)?
2
Let m = -391 + 361. What is the units digit of 5/(m/664)*414/(-92)?
8
Let d(c) = 4*c + 44. Let q be d(-13). Let n(i) = -i**3 - 7*i**2 + 11*i + 15. Let s be n(q). What is the tens digit of (378/24)/(s/(-48))?
8
Let d be 0 - ((-12)/4*2 - -2). Suppose -2*w + d*u + 688 = 0, -2*u + 1048 = 26*w - 23*w. What is the units digit of w?
8
Suppose 20 = 4*t + 4*a, 3*t - 8 = 4*a + 7. Suppose n + t*k - 14 = -6, 0 = 3*n - k - 40. What is the units digit of n?
3
Let u = -15453 + 29180. What is the ten thousands digit of u?
1
Suppose 0 = -3*c - 896 + 887. What is the hundreds digit of (-4)/(c/4131*3)?
8
Suppose 51 = 66*x - 49*x. Suppose -2*f = -5*m + x*f + 6750, -3*f = -m + 1348. What is the hundreds digit of m?
3
Let x = 66347 - 35545. What is the hundreds digit of x?
8
Let b = 37 + -37. Suppose b*z + 539 = 7*z. Let k = 118 - z. What is the tens digit of k?
4
Suppose 561022 = 122*d - 33*d - 100782. What is the units digit of d?
6
Let v be (-6)/(-57) + 645106/(-2698). Let n be ((-113